{"id":40,"date":"2024-06-24T14:14:15","date_gmt":"2024-06-24T14:14:15","guid":{"rendered":"https:\/\/www.seniorenboerse-lustenau.at\/?page_id=40"},"modified":"2026-04-19T18:53:17","modified_gmt":"2026-04-19T18:53:17","slug":"kontakt","status":"publish","type":"page","link":"https:\/\/www.seniorenboerse-lustenau.at\/?page_id=40","title":{"rendered":"Kontakt"},"content":{"rendered":"\n<p>Ben\u00f6tigen Sie Unterst\u00fctzung im Alltag? Ob kleine Erledigungen oder gr\u00f6\u00dfere Aufgaben \u2013 wir helfen Ihnen gerne weiter. Rufen Sie uns an oder schreiben Sie uns eine E-Mail. <\/p>\n\n\n\n<p>Sie erreichen uns unter folgender Telefonnummer und E-Mail-Adresse:<\/p>\n\n\n\n<p class=\"has-black-color has-text-color has-link-color wp-elements-6fd43da0e167d1aa494cbbad15529ac7\">Telefon: 05577\/62974<\/p>\n\n\n\n<p>E-Mail: <a href=\"javascript:linkTo_UnCryptMailto('ocknvq,qhhkegBugpkqtgpdqgtug\/nwuvgpcw0cv');\">office@<img decoding=\"async\" width=\"0px\" height=\"0px\" border=\"0\" style=\"padding: 0px; margin: 0px; border-width: 0px; border-style: initial;\" src=\"https:\/\/www.seniorenboerse-lustenau.at\/fileadmin\/templates\/images\/clear.gif\" alt=\"\">seniorenboerse-lustenau.at<\/a><\/p>\n\n\n\n<hr class=\"wp-block-separator has-alpha-channel-opacity\"\/>\n\n\n\n<p style=\"font-size:31px\">Anmeldeformular<\/p>\n\n\n\n<p>Hier k\u00f6nnen Sie das Anmeldeformular ausf\u00fcllen, indem Sie dies herunterladen oder ausdrucken, um sich f\u00fcr unsere angebotenen Dienstleistungen anzumelden:<\/p>\n\n\n\n<div class=\"wp-block-file\"><a href=\"https:\/\/www.seniorenboerse-lustenau.at\/wp-content\/uploads\/2024\/09\/Anmeldeformular-1.pdf\" class=\"wp-block-file__button wp-element-button\" download>Formular Herunterladen<\/a><\/div>\n\n\n\n<div data-wp-interactive=\"core\/file\" class=\"wp-block-file\"><object data-wp-bind--hidden=\"!state.hasPdfPreview\"  class=\"wp-block-file__embed\" data=\"https:\/\/www.seniorenboerse-lustenau.at\/wp-content\/uploads\/2026\/04\/Anmeldeformular_Seniorenboerse.pdf\" type=\"application\/pdf\" style=\"width:100%;height:600px\" aria-label=\"Einbettung von Anmeldeformular_Seniorenboerse.\"><\/object><a id=\"wp-block-file--media-8ba88d57-6911-4c28-bde4-6409b79c797a\" href=\"https:\/\/www.seniorenboerse-lustenau.at\/wp-content\/uploads\/2026\/04\/Anmeldeformular_Seniorenboerse.pdf\">Anmeldeformular_Seniorenboerse<\/a><\/div>\n\n\n\n<p><\/p>\n\n\n\n<p><\/p>\n","protected":false},"excerpt":{"rendered":"<p>Ben\u00f6tigen Sie Unterst\u00fctzung im Alltag? Ob kleine Erledigungen oder gr\u00f6\u00dfere Aufgaben \u2013 wir helfen Ihnen gerne weiter. Rufen Sie uns an oder schreiben Sie uns eine E-Mail. Sie erreichen uns unter folgender Telefonnummer und E-Mail-Adresse: Telefon: 05577\/62974 E-Mail: office@seniorenboerse-lustenau.at Anmeldeformular Hier k\u00f6nnen Sie das Anmeldeformular ausf\u00fcllen, indem Sie dies herunterladen oder ausdrucken, um sich f\u00fcr [&hellip;]<\/p>\n","protected":false},"author":1,"featured_media":187,"parent":0,"menu_order":0,"comment_status":"closed","ping_status":"closed","template":"","meta":{"footnotes":""},"class_list":["post-40","page","type-page","status-publish","has-post-thumbnail","hentry"],"_links":{"self":[{"href":"https:\/\/www.seniorenboerse-lustenau.at\/index.php?rest_route=\/wp\/v2\/pages\/40"}],"collection":[{"href":"https:\/\/www.seniorenboerse-lustenau.at\/index.php?rest_route=\/wp\/v2\/pages"}],"about":[{"href":"https:\/\/www.seniorenboerse-lustenau.at\/index.php?rest_route=\/wp\/v2\/types\/page"}],"author":[{"embeddable":true,"href":"https:\/\/www.seniorenboerse-lustenau.at\/index.php?rest_route=\/wp\/v2\/users\/1"}],"replies":[{"embeddable":true,"href":"https:\/\/www.seniorenboerse-lustenau.at\/index.php?rest_route=%2Fwp%2Fv2%2Fcomments&post=40"}],"version-history":[{"count":11,"href":"https:\/\/www.seniorenboerse-lustenau.at\/index.php?rest_route=\/wp\/v2\/pages\/40\/revisions"}],"predecessor-version":[{"id":222,"href":"https:\/\/www.seniorenboerse-lustenau.at\/index.php?rest_route=\/wp\/v2\/pages\/40\/revisions\/222"}],"wp:featuredmedia":[{"embeddable":true,"href":"https:\/\/www.seniorenboerse-lustenau.at\/index.php?rest_route=\/wp\/v2\/media\/187"}],"wp:attachment":[{"href":"https:\/\/www.seniorenboerse-lustenau.at\/index.php?rest_route=%2Fwp%2Fv2%2Fmedia&parent=40"}],"curies":[{"name":"wp","href":"https:\/\/api.w.org\/{rel}","templated":true}]}}